 249*m + 1. Calculate c(6).
-26
Let a = 6496 - 6487. Let u(z) = -4*z**3 + 12*z**2 + 4*z + 10. Let t(l) = 9*l**3 - 25*l**2 - 9*l - 20. Let x(i) = -3*t(i) - 7*u(i). Determine x(a).
-19
Let l = 30/83 - 1717/4980. Let j(h) be the third derivative of l*h**5 - 38*h**2 + 0*h - h**3 + 1/6*h**4 + 0. Determine j(-6).
6
Let y(x) be the first derivative of 79*x**2/2 + 231*x - 8373. What is y(-3)?
-6
Let t(n) = -n - 18. Let l(c) = -53*c - 7803. Let z be l(-147). What is t(z)?
-6
Let v(m) = -m + 1. Let w(f) = 2*f - 7. Let n = 4 + -9. Let q(j) = n*v(j) - w(j). Suppose -3*a - a = -16. Give q(a).
14
Let y(n) = -2*n**2 + 5*n - 4. Suppose 17*z - 123 - 47 = 0. Suppose -13*r - 1 = -z*r + 2*k, 0 = -2*k - 10. What is y(r)?
-7
Let p(o) be the second derivative of -o**4/12 - 3*o**3/2 + 21*o**2/2 - 1899*o. What is p(-11)?
-1
Let j(o) = o**2 + 11*o - 53. Let n be j(-18). Let p(w) = -64*w - 71*w + 205*w - n*w - 4. Calculate p(-5).
11
Let l(g) be the first derivative of -g**4/4 - g**2 + 2*g - 164. Suppose -u = 2*d - 7, d = -3*d + 5*u - 7. Let a = d + 0. Determine l(a).
-10
Let s(r) = 41*r**2 - 97*r - 6. Let x(m) = 46*m**2 - 110*m - 7. Let u(a) = -9*s(a) + 8*x(a). Let y be -1 - (1 - 1 - -6). Give u(y).
-2
Let a(w) = -w**2 - 7*w. Let q be (-1 - 54/(-45)) + 151/(-5). Let i(r) = -14*r - 426. Let c be i(q). What is a(c)?
6
Let k(a) = a**2 - 9*a + 7. Let n = -177 + 152. Let f = n + 31. What is k(f)?
-11
Let f(r) = 11*r**2 - 367*r - 364*r - r**3 - 363*r + 1105*r + 15 - 6. Determine f(12).
-3
Let d(b) = 7*b**2 + 49*b + 25. Let c(i) = 20*i**2 + 145*i + 70. Let w(m) = -6*c(m) + 17*d(m). Give w(-37).
5
Let w(k) = 2*k - 2. Let c = -158 + 286. Suppose -6*v = 2*v - c. Suppose 9*g = g - v. What is w(g)?
-6
Let q(k) = k**2 - 65*k + 132. Suppose -5*p = 2*f - 136, -3063*p + 3065*p = f - 59. What is q(f)?
6
Let j(f) be the second derivative of 0 - f**2 - 5/3*f**3 + 1/12*f**4 + 83*f. What is j(10)?
-2
Let u(y) = 13*y**2 - 19. Let o(k) = -17*k**2 - 2*k + 20. Let p(l) = 3*o(l) + 4*u(l). What is p(6)?
-16
Suppose 5 = -7*r + 12. Suppose -y + 5 = -5*p, 2*y - y + r = 2*p. Let i(v) = -5 - v**2 - 3*v - 3 + 6. What is i(p)?
0
Suppose -2*x = -2*l + 3*l + 7, 3*x - 2*l = -28. Let o(u) = -4388*u - 4382*u + 702 + 6*u**2 + u**3 + 8769*u - 707. Calculate o(x).
1
Let x(m) = -28*m**2 + 57*m**2 + 12 - 25*m**2 + m. Let f(w) = -5*w**2 - 2*w - 13. Let q(v) = 5*f(v) + 6*x(v). Give q(-6).
-5
Let r(q) = -3*q**2 + q + 1. Let i(b) = -7*b**2 - 6*b + 11. Let h(s) = i(s) - 2*r(s). Determine h(-9).
0
Let m(w) be the second derivative of -w**3/6 + 5*w**2 - w - 517. Let f(v) = -5*v**3 + v**2 - 1. Let b be f(-1). What is m(b)?
5
Suppose -y - 78 = -5*t, -3*t + y = -5*t + 27. Let f(b) = -7*b - 14 + t - 8*b. Suppose 0 = -6*o + 35 - 29. Give f(o).
-14
Let m(o) be the first derivative of -o**4/4 + 2*o**3 - o**2 - 8*o + 3. Let q(i) = -2*i**3 - 4*i**2 - 6*i - 6. Let b be q(-2). What is m(b)?
-20
Let m = 176 + -97. Let l(w) = 78*w - 2 - 1 - m*w. Calculate l(8).
-11
Suppose 29*g = g + 252. Suppose g*i = -4*i + 39. Let z(j) = -j**3 + 4*j**2 - 3*j + 1. Calculate z(i).
1
Let f(n) = 429*n**2 - 117*n**2 - n**3 - 313*n**2 + 6*n + 6. Calculate f(-3).
6
Suppose -2*t = 3*l + 6, -5*l + 6*t = 2*t - 34. Let y(g) = 2*g**3 - 7*g**2 + 11*g - 5. Calculate y(l).
5
Let n = 629 - 628. Let k be (36 + -35)/(n/(-4)). Let p(w) = -w**3 - 6*w**2 - 6*w + 2. Give p(k).
-6
Let i(j) be the third derivative of j**4/6 + 85*j**3/3 + j**2 + 5*j - 199. Calculate i(-40).
10
Let x = -1 + -3. Let s(a) be the third derivative of a**4/24 + 3*a**2 - 2*a - 7. Calculate s(x).
-4
Let b = 9439 - 9427. Let d(i) = -i**3 + 11*i**2 + 6*i - 14. Determine d(b).
-86
Let y be (-369)/492*(4/(-9))/1. Let v(x) be the first derivative of 15 - 1/2*x**2 + y*x**3 - 3*x. Give v(-3).
9
Let g = 135 - 119. Suppose 8 = -4*b - g. Let z(a) = -26 + 30 - a**2 - 4*a - 2*a - a. Determine z(b).
10
Let z(b) = b + 2. Let x(f) = 6*f - 25. Let m(u) = 3*x(u) - 21*z(u). Let t be m(-36). Let p(g) = -g + 12. Determine p(t).
21
Suppose 4*i - 144 = 5*q, -4*q + 204 = 3*i + 65. Suppose 0 = 21*o - i - 22. Let b(s) = -6*s + 4. Determine b(o).
-14
Let p(d) = 8*d - 15 + 6*d + 0*d**2 + d**3 - 7*d**2 - 5*d. Let k be p(6). Let w(f) = 242 + 6*f - 242. Calculate w(k).
18
Let i(s) = s**2 - 12*s - 15. Suppose 27*p - 18*p + 90*p = -14*p. Determine i(p).
-15
Let v(a) = -21*a**2 - 4*a - 9. Let o(q) = -72*q**2 - 12*q - 31. Let l(x) = -2*o(x) + 7*v(x). What is l(-3)?
-16
Let j(s) = 6 - 258*s + 198*s + 9*s**2 + 64*s. What is j(-2)?
34
Let c(f) be the first derivative of f**4/4 + 8*f**3/3 + f**2/2 + 7*f + 2. Let q(w) = 43*w**2 - 858*w - 48. Let k be q(20). Determine c(k).
-1
Let g(f) = -20*f**2 + 10*f - 21. Let a(o) = o**2 + 1. Let d(z) = 14*z**2 - 5*z + 15. Let v(r) = 5*a(r) - d(r). Let u(i) = 4*g(i) - 9*v(i). What is u(4)?
2
Let i(n) = -4*n - 2. Let x = -529 - -533. Suppose -x*f - 4*a + 20 = 0, 4*f + 9*a = 7*a + 14. Give i(f).
-10
Suppose 0 = -z + 5*z. Suppose z = -2*h + i - 5, -2*h + 13*i - 14 = 15*i. Let p(s) be the third derivative of -s**4/6 - 2*s**3/3 + s**2. Determine p(h).
12
Suppose -302*d = 142*d + 22*d. Let k(m) be the second derivative of m**5/20 - m**2/2 + m. Calculate k(d).
-1
Suppose 0*x = x. Suppose x = -19*p + 15*p + 20. Let f(b) = 2*b - 9*b + p*b + b - 7. Give f(0).
-7
Let y(n) = n - 16 + 9 - 9. Let m = 4 - -7. Give y(m).
-5
Let t(n) be the first derivative of -n**3/3 + 3*n**2/2 + 4*n - 1. Let l = -62666 + 62670. Determine t(l).
0
Let q(y) = 3*y + 4. Suppose -s - 10 + 5 = 0. Let m(n) be the third derivative of n**4/6 + n**3/2 - 7*n**2. Let p(r) = s*m(r) + 6*q(r). Calculate p(6).
-3
Let l(v) = -v + 7. Let y(q) be the first derivative of -q**4/4 - 2*q**3/3 - 3*q**2/2 + 2*q - 39. Let k be y(-2). What is l(k)?
-1
Let n(g) = -g**2 - 11*g - 11. Let j(h) = h**2 - 24*h + 101. Let a be j(5). Suppose -a*t - 53 = -5. What is n(t)?
13
Let f(a) be the first derivative of -a**4/12 + 3*a**3/2 - 6*a**2 + 21*a + 51. Let j(y) be the first derivative of f(y). What is j(9)?
-12
Let o(x) = x**2 - 2*x - 13*x + 11*x + 18*x + 19. Determine o(-12).
-5
Let r(x) = -2*x**3 - 5*x**2 + 9*x - 4. Suppose -n + 13 - 17 = 0. Let i be r(n). Let p(u) = u**3 - 9*u**2 + 8*u - 5. Determine p(i).
-5
Let s(n) be the first derivative of n**6/120 + n**5/6 + 3*n**4/8 + n**3/3 + n**2/2 + 10*n + 211. Let p(y) be the second derivative of s(y). What is p(-9)?
2
Let n(g) be the first derivative of -g**3/3 + g**2 + 14*g - 1155. Calculate n(0).
14
Let x be (3 + 1 + -40)*(-1)/3. Let z(h) = -2*h + x - 42 + 20 + 0*h. Calculate z(8).
-26
Suppose 64 - 75 = 4*q - 3*s, 0 = 2*s + 6. Suppose -o - 8 = -5*o. Let r(w) = -w**o - 4*w + 5 - 11 - 2*w. Give r(q).
-1
Let y(a) = a**2 + 9117*a + 17 - 9125*a - 24. Let m be 2/3 + (-352)/(-48). Give y(m).
-7
Let b(t) be the second derivative of t**3/2 + 2*t**2 + 2*t - 835. Give b(-4).
-8
Suppose -4*l + 75*d - 78*d = -24, 0 = 2*l - 3*d + 6. Let g(x) = 13*x - 33. Determine g(l).
6
Suppose -12 - 33 = -9*g. Let y be g/4 + (111/(-12) - -9). Let q(o) = -2*o - 3. What is q(y)?
-5
Suppose -2*g = 3*y - 16, 4*g + 14 = 2*y + 7*g. Suppose -i = -5*h - 21 + 33, h + 6 = -y*i. Let l(k) = 3*k + 1. What is l(i)?
-5
Let s(y) = y**2 - y - 6. Suppose -2 = -33*g - 134. What is s(g)?
14
Let g(i) = -279*i - 5009. Let t be g(-18). Let y(s) = -2*s**2 + 51*s - 323. Give y(t).
2
Let h(b) be the third derivative of -b**5/30 + 3*b**4/8 + b**3/6 - b**2 - 235*b. Determine h(-4).
-67
Suppose 515 - 2567 = j + 56*j. Let r(t) = -t**3 - 38*t**2 - 70*t + 72. What is r(j)?
0
Let k(b) = 11475*b - 5750*b + 3 + 8*b**2 - 5730*b. Calculate k(3).
60
Suppose 5*t + 6 = -3*i, -2*i - 4 = -2*t + 6*t. Let f(g) be the first derivative of 1/2*g**2 + 37 - 8*g. Calculate f(t).
-8
Suppose -2*p + 11 = 2*m - 3, 4*p - 20 = -2*m. Let v = -162 + 208. Suppose -38 + v = m*l. Let r(x) = x**3 - 3*x**2 + 2*x - 1. What is r(l)?
-1
Let j be (0 - 1)/((-2)/(-2)). Let a(k) = 19*k**3 - 8*k**2 - 28*k - 4. Let w(q) = 15*q**3 - 6*q**2 - 21*q - 3. Let i(x) = -3*a(x) + 4*w(x). Determine i(j).
-3
Let g(n) = 4*n - 3. Let l(a) = -a - 2. Let m(o) = g(o) - 3*l(o). Let k(d) = 12*d + 5. Let u(j) = 6*k(j) - 10*m(j). Calculate u(2).
4
Let q(b) = 9*b**3 - 2*b**2 - 2*b - 1. Let p be -1*(-112)/21*3/2. Suppose -5*w = 2 - 17. Suppose -5*z - 4*j - p = 1, 2*j + w = -z. Calculate q(z).
-10
Let y(l) = l**3 + 5*l**2 - 10*l - 6